ose -3*h = 2*t - 4*h + 1, -h = -3*t - 2. Let w = 3 - t. What is the highest common divisor of 40 and w?
4
Suppose -5*b - 25 = 0, 0 = 3*j - 2*b - 133 - 39. Calculate the greatest common divisor of 864 and j.
54
Let a be -206*(-4)/(-12)*-3. Let l = a + 182. Suppose n + 76 = l. Calculate the greatest common factor of n and 39.
39
Suppose 2*f - 21 = -7*o + 8*o, 3 = -3*o. Let p = -28 - -74. Suppose 2*c - 134 - p = 0. Calculate the greatest common factor of c and f.
10
Suppose -2*b + 2*u = -78, -u = -3*b - b + 147. Let r be ((-6)/4)/((-54)/b). Calculate the highest common divisor of 1 and r.
1
Suppose -5*k = 20*k - 400. Let t be 1*-2*31/(-2). Let h = t - k. What is the greatest common factor of h and 60?
15
Suppose 45*x - 2310 = 40*x. Calculate the highest common divisor of 42 and x.
42
Let f(w) = -w**2 - 13*w - 4. Let k be f(-11). Suppose -17*b + 108 = -5*b. Calculate the greatest common factor of b and k.
9
Let p be 1/(1/(-1))*-66. Let s be 5*-2*(-12)/24. Suppose l - s*l - 10 = -5*o, 5*o - 35 = -l. What is the highest common divisor of o and p?
6
Let r be (-6)/15 + ((-187)/(-5) - -3). Suppose r*u - 37*u = 12. What is the highest common divisor of 68 and u?
4
Let a(s) = 48*s. Let j be a(1). Suppose -8 + j = 2*t. Suppose m = 2, -2*x - 14 = -5*m - 20. Calculate the highest common divisor of t and x.
4
Let u = 306 - 302. Calculate the highest common factor of 46 and u.
2
Let i = 60 - 56. Suppose 2*f = -5*q + 296, 7*f = -2*q + i*f + 114. What is the highest common factor of q and 10?
10
Suppose -4 = -10*q + 6. Let p be (1 - 1 - -10) + 0/q. What is the greatest common factor of p and 50?
10
Let g(s) = -1 + 23*s + 2 - 4. Let z be g(1). Calculate the highest common factor of z and 4.
4
Let j(l) = -l. Let h be j(-2). Suppose -h*f = -0*f - 2*n - 28, 4*f - 2*n = 66. What is the greatest common divisor of f and 19?
19
Let l be 7/(14/(-4)) + -19. Let y be (-6)/l + (-6)/21. Suppose 5*p - 21 + 6 = y. Calculate the greatest common factor of p and 9.
3
Suppose 3*t = -2*c - 0*c + 1, c + 3*t + 1 = 0. Suppose c*f = 9 + 27. Calculate the highest common divisor of 12 and f.
6
Let h = -35 + 57. Let q be (855/(-75) - -7)*10/(-4). Calculate the highest common factor of h and q.
11
Let r(l) = l**3 - 15*l**2 - 15*l + 10. Let q be 65/4 + 1/(-8)*2. Let k be r(q). What is the greatest common divisor of k and 65?
13
Let r = -91 - -97. Calculate the highest common factor of r and 69.
3
Let a be 7 + -9 + (-6)/(-1). Let j(y) = a - 2*y + 3*y**2 - 27*y**3 + 3 + 28*y**3. Let l be j(6). What is the highest common factor of l and 29?
29
Suppose -4*c = w + 10, 0 = -4*w + 3*c - 4 - 17. Let j be (-128)/w - (-4)/(-12). What is the greatest common factor of 21 and j?
21
Let q be 4/(-16) - 2/(-8). Suppose q = -6*a - 0*a + 84. What is the greatest common divisor of a and 35?
7
Let v(z) = -z**3 - 5*z**2 + 14*z - 5. Let j be v(-7). Let i = 10 + j. Suppose -55 = -i*y + 80. What is the highest common factor of y and 18?
9
Suppose -2*x = a + 7, -x + 4*a = -0*x - 19. Let p be x + (1 - -2) + 111. Suppose -14 = m - p. What is the greatest common factor of 11 and m?
11
Suppose 0 = -4*p + 3*s + 486, -5*p + 598 = s - 0*s. Let b be 24*-4*(-15)/36. What is the highest common divisor of b and p?
40
Let n be -5*(8 + -10 + 1 + 0). Let o be (92 - (-2 + n)) + (1 - 0). What is the greatest common factor of o and 18?
18
Suppose 0 = -5*d - 3*q + 154, 11*q + 134 = 4*d + 8*q. What is the greatest common factor of d and 4?
4
Let w(x) = 7 + x**2 - 5*x**2 + 2*x + 3*x**2. Let i be w(0). What is the highest common factor of i and 224?
7
Let i be 10/(-1)*-24*4/6. Calculate the highest common divisor of i and 28.
4
Suppose -5*g - 15 = 5*j, 4*g - 11 = 5*j + 4. Let n(r) = -7*r - 1. Let y be n(j). What is the greatest common divisor of y and 2?
2
Let n be (30/(-63))/5 - 68568/(-252). Calculate the highest common factor of n and 51.
17
Let m = -682 - -698. Calculate the greatest common divisor of 232 and m.
8
Suppose -2*a - 2*u = -12030, -3*u = -5*a + 4*a + 6011. Suppose -3*z + a + 1642 = 0. Suppose 11*s - 3*s = z. What is the greatest common factor of 29 and s?
29
Let r = 105 + -101. Let b be (5 - -8) + -5 + r. What is the greatest common divisor of b and 180?
12
Let g = -14 + 16. Suppose -g*q + 9 = -17. Let i = 59 + q. Calculate the greatest common divisor of i and 8.
8
Let d(h) be the third derivative of h**5/60 + h**4/8 - 7*h**3/6 - 20*h**2. Let j be d(8). Let v = 29 + -20. Calculate the greatest common factor of j and v.
9
Let w = 152 - -46. Let o be 2/2*(0 - -1). Let f be (-106)/(-6) - o/(-3). Calculate the highest common divisor of f and w.
18
Let b be 80/2 - ((-17 - -25) + -14). Calculate the highest common factor of 32 and b.
2
Let k(d) = 79*d**2 - 3*d - 2. Let b be k(-1). Let l(s) = 8*s**2 + 4*s. Let i be l(2). What is the highest common factor of b and i?
40
Suppose -2*q + 52 = 4*u, 0 = u - 5*u - 4*q + 60. What is the greatest common divisor of 22 and u?
11
Let v be ((-168)/10)/((-3)/30). Let f be (28/8 - -3)*-2. Let h = f + 37. What is the highest common divisor of v and h?
24
Suppose -115 - 585 = -4*m - 4*q, -3*m + 2*q + 505 = 0. Suppose m = -3*c + 3051. Suppose c = 4*a - 0*a. What is the highest common factor of 30 and a?
30
Let g be (-3)/(-12)*2*18. Suppose 53*q + 24 = 55*q. What is the highest common factor of q and g?
3
Let m be (-1)/((-12)/(-44))*15. Suppose 2*z = 3*k - 397, 4*k - 3*z = -5*z + 548. Let i = k + m. What is the greatest common divisor of 32 and i?
16
Let x be 10 - 30/(-25)*5. Calculate the greatest common factor of x and 16.
16
Suppose 56 = 2*t + 18. Calculate the highest common divisor of 589 and t.
19
Suppose -u + 4 = -10. Suppose 0 = -u*m + 84 + 462. Calculate the greatest common factor of m and 78.
39
Let f(q) = q**2 - 12*q - 13. Let u(z) = -z**2 - 24*z - 27. Let b be u(-22). Let g be f(b). Calculate the greatest common factor of 18 and g.
18
Let s be (2/(-4))/((-15)/180). Calculate the greatest common factor of s and 21.
3
Let a(y) = 4*y**2 - 2*y - 28. Let g be a(-6). Calculate the highest common divisor of 64 and g.
64
Suppose -47*p + 35 = -43*p + 5*u, 4*p = -2*u + 26. What is the greatest common factor of p and 125?
5
Let g be (-8)/(-44) - (-141)/11. Let m be 1/((-3)/(-48))*-2. Let d = g - m. Calculate the greatest common divisor of d and 5.
5
Let h = -272 - -292. Calculate the highest common factor of h and 50.
10
Let o be 11/(-2)*-6*(1 - 2). Let w be (-57)/(-66)*38 - 6/o. Calculate the highest common divisor of w and 11.
11
Let y = 58 + -3. Let z = -5 - -10. Calculate the highest common factor of z and y.
5
Suppose 38 + 32 = 7*a. Let b = 62 + a. What is the highest common factor of 18 and b?
18
Let x = -338 - -403. Calculate the highest common divisor of 5 and x.
5
Let y = 103 + -91. Let z be 2 + 0 - (1 + y/(-3)). Calculate the highest common factor of z and 5.
5
Suppose -88 + 42 = -2*i. Calculate the greatest common divisor of 1219 and i.
23
Let h(v) = -v**3 + 8*v**2 - 9*v - 6. Let d be h(5). Suppose -a - 12 = -5*a. Calculate the highest common factor of a and d.
3
Let v = -321 - -353. What is the greatest common divisor of v and 72?
8
Suppose y - 3 = 6. Suppose 3*p - 8*j = -9*j + 133, 5*j - 170 = -4*p. What is the highest common factor of y and p?
9
Let r = 264 + -174. Calculate the greatest common factor of r and 240.
30
Let y = 523 + -490. Calculate the greatest common factor of 77 and y.
11
Suppose 5*a - 17 = b, -3*b - 2*a + 29 = 3*a. Suppose -5*j - b*i = -200, 2*i = -5*j + 219 - 19. Let c = -16 + j. Calculate the highest common factor of c and 12.
12
Let s = 2699 - 1371. What is the greatest common factor of 16 and s?
16
Let b be 4*(28/16 - 1). Suppose -42 = -b*w + 3*n, 50 = 4*w - 5*n - 7. What is the highest common factor of 91 and w?
13
Let q = -83 - -95. Suppose 15*d - 13*d - 216 = 0. Calculate the greatest common factor of d and q.
12
Suppose -2*d + 60 = 2*u - 42, 244 = 4*u - 4*d. Let p = 62 - u. Let o = 55 + -25. Calculate the highest common factor of o and p.
6
Suppose -9*d + 28 = -5*d. Suppose z + d = 49. Calculate the highest common divisor of z and 378.
42
Suppose 0 = 9*d - 122 - 247. What is the highest common divisor of 369 and d?
41
Suppose -4*c + 80 = -0. Let i = c - -19. What is the greatest common divisor of i and 26?
13
Let p be -4 - 46/(-10) - (-272)/5. Supp